ighest common factor of 32322615 and 1395?
465
Calculate the highest common factor of 174954 and 1040286.
78
What is the greatest common divisor of 537621 and 16527?
21
What is the greatest common divisor of 1238 and 5265214?
1238
What is the highest common factor of 1623245765 and 157?
157
Calculate the greatest common factor of 44429 and 1238776.
77
Calculate the highest common divisor of 76320865 and 2.
1
What is the greatest common divisor of 4285 and 148975?
5
What is the highest common factor of 8214 and 206029024?
2738
Calculate the highest common factor of 771904 and 128.
64
Calculate the greatest common divisor of 660647 and 2483.
13
Calculate the greatest common divisor of 30041228 and 28.
28
What is the greatest common divisor of 7763021 and 6223?
49
What is the greatest common factor of 278 and 91274?
2
What is the greatest common factor of 259 and 8985265?
37
What is the highest common divisor of 627 and 42880701?
57
What is the greatest common divisor of 14365 and 483353?
13
Calculate the highest common factor of 675 and 52608825.
675
What is the greatest common factor of 7611 and 571946?
59
Calculate the greatest common divisor of 743405 and 2925.
65
Calculate the greatest common divisor of 190 and 5302805.
95
What is the greatest common divisor of 1787 and 1665484?
1787
What is the highest common factor of 5020 and 36489?
1
What is the highest common divisor of 35 and 34087634?
7
What is the highest common divisor of 130944679 and 2549?
2549
Calculate the greatest common divisor of 6274948 and 915.
61
Calculate the highest common factor of 160233605 and 70.
35
Calculate the highest common factor of 107334 and 33232.
134
Calculate the highest common factor of 36269748 and 6.
6
What is the greatest common divisor of 4392 and 834984?
72
Calculate the highest common divisor of 1899 and 11604367.
211
What is the highest common divisor of 276 and 8121714?
138
Calculate the greatest common factor of 4984 and 17322248.
712
What is the greatest common divisor of 3025 and 25239995?
605
Calculate the highest common divisor of 3487407 and 112.
7
What is the greatest common divisor of 306870 and 76956?
318
What is the greatest common divisor of 224034063 and 66?
33
Calculate the highest common factor of 208860 and 48780.
60
Calculate the highest common divisor of 5256 and 1619432.
584
What is the greatest common divisor of 1017989 and 1249598?
287
What is the highest common divisor of 327250 and 2135098?
238
Calculate the greatest common factor of 6952615 and 1130.
5
What is the highest common divisor of 316 and 20034953?
79
What is the greatest common divisor of 36041 and 142003107?
1567
Calculate the greatest common factor of 2454992 and 48.
16
Calculate the highest common divisor of 12 and 35202.
6
Calculate the greatest common divisor of 29330 and 21399168.
5866
Calculate the highest common divisor of 20504 and 1843600.
88
What is the greatest common divisor of 18151684 and 1148?
164
What is the greatest common divisor of 2905 and 1929335?
415
What is the highest common factor of 5057075 and 63733?
2771
What is the greatest common divisor of 4025 and 1509950?
575
Calculate the greatest common divisor of 285846 and 79449.
213
What is the highest common divisor of 918437 and 726485?
1333
What is the highest common divisor of 70252 and 5185524?
772
What is the highest common divisor of 174834620 and 73323?
8147
Calculate the greatest common divisor of 1163753102 and 41.
41
What is the highest common divisor of 1037457 and 779?
19
What is the greatest common factor of 10 and 1008005?
5
Calculate the greatest common factor of 26 and 93847091.
13
What is the greatest common factor of 163298413 and 391?
391
What is the greatest common divisor of 288 and 41306544?
144
Calculate the highest common divisor of 139352598 and 9396.
522
What is the greatest common factor of 120890 and 7370?
110
What is the greatest common factor of 160 and 1530840?
40
What is the greatest common factor of 68068 and 2689876?
476
What is the highest common divisor of 477 and 12821813?
53
Calculate the highest common divisor of 2015741 and 49504.
1547
Calculate the highest common divisor of 311274 and 59859.
9
What is the highest common divisor of 2006 and 3514628348?
2006
What is the greatest common factor of 15987378 and 3927?
561
What is the highest common factor of 553257 and 26133?
93
What is the highest common divisor of 620270 and 4515?
35
Calculate the highest common factor of 11507840 and 720.
80
What is the greatest common divisor of 158235 and 325402?
77
What is the greatest common factor of 821044 and 649?
59
Calculate the highest common factor of 4249224 and 252.
252
What is the greatest common factor of 12720 and 1095?
15
What is the highest common factor of 189419 and 98854?
307
What is the greatest common divisor of 18772 and 1246172?
1444
Calculate the highest common factor of 343 and 32796631.
343
Calculate the highest common factor of 2321 and 1581814883.
2321
Calculate the highest common divisor of 475 and 63128175.
25
What is the highest common factor of 348 and 1202152196?
116
Calculate the greatest common divisor of 87641151 and 39.
39
What is the greatest common factor of 17069678 and 284?
142
Calculate the highest common divisor of 1274025104 and 62.
62
Calculate the highest common factor of 57970046 and 1258.
74
What is the highest common divisor of 2330 and 24334054?
466
Calculate the greatest common divisor of 239214506 and 3704.
926
What is the greatest common factor of 3795632 and 6?
2
Calculate the greatest common divisor of 1297724 and 116.
4
What is the greatest common factor of 1239 and 88940789?
413
Calculate the greatest common factor of 43240232 and 448.
56
Calculate the highest common divisor of 1403348 and 118121.
1763
Calculate the highest common factor of 54478761 and 24681.
1299
What is the highest common divisor of 67385552 and 172822?
7514
What is the greatest common factor of 1339884 and 3627?
117
Calculate the highest common divisor of 313 and 17772453.
313
What is the greatest common factor of 11058 and 89580858?
11058
Calculate the highest common divisor of 4 and 4522942.
2
Calculate the highest common divisor of 1002 and 28191.
3
Calculate the highest common divisor of 4418316 and 450.
18
Calculate the greatest common factor of 67590814 and 15632.
1954
Calculate the highest common divisor of 325 and 114135762.
13
Calculate the greatest common divisor of 15827 and 12293.
19
What is the greatest common divisor of 4845093 and 1385847?
10743
What is the greatest common divisor of 372978039 and 383?
383
What is the highest common divisor of 144384 and 101376?
3072
Calculate the highest common factor of 348951 and 127305.
123
Calculate the highest common divisor of 484364 and 15606.
578
What is the greatest common divisor of 400 and 3159648?
16
Calculate the highest common factor of 114 and 151563532.
38
What is the highest common divisor of 29986 and 203?
29
What is the greatest common factor of 318857 and 98879?
1111
Calculate the greatest common factor of 2204746 and 124100.
146
What is the greatest common divisor of 165 and 53555865?
165
Calculate the highest common divisor of 58816263 and 2378.
1189
What is the greatest common divisor of 1659237 and 319002?
237
What is the greatest common divisor of 638477 and 770861?
1379
Calculate the greatest common factor of 2480046 and 29318.
214
Calculate the greatest common divisor of 40147866 and 594.
594
What is the highest common factor of 51618 and 41559?
21
Calculate the greatest common factor of 68780 and 321480.
380
Calculate the greatest common factor of 507863 and 2488.
311
Calculate the highest common divisor of 3231701 and 187.
11
Calculate the greatest common factor of 775675 and 284.
71
Calculate the highest common factor of 24 and 137670948.
12
Calculate the greatest common divisor of 1508931 and 12499.
431
What is the greatest common divisor of 150396 and 167162?
166
What is the greatest common divisor of 3831294 and 3588?
138
Calculate the highest common divisor of 36888 and 1205343066.
9222
Calculate the greatest common divisor of 13133564 and 13480.
1348
Calculate the greatest common divisor of 93840 and 44474295.
5865
What is the greatest common factor of 142